e 3/h + 16 + -13. Suppose 13*v = c*v + 763. List the prime factors of v.
109
Let l(h) = 477*h + 2. Let d be l(34). Suppose -3*c = 7*c - d. List the prime factors of c.
2, 811
Let c = -653 + 1765. Suppose 4*z + c = 4*g, 3*z - z = 4*g - 1102. List the prime factors of g.
3, 7, 13
Let f = -86 - -104. Suppose -15156 = f*x - 22*x. Suppose 16*j + 445 - x = 0. What are the prime factors of j?
11, 19
Let p be (427 - -1)*(-30)/60. Let d = p - -439. List the prime factors of d.
3, 5
Let n be (0 + (0 - 1))*(6 + -14). Let c be -4 + n/6*6. Let g = 1 + c. List the prime factors of g.
5
Let i(r) = 489*r**2 - 56*r - 335. What are the prime factors of i(-7)?
2, 3, 4003
Suppose 4414 + 15648 = 14*s. List the prime factors of s.
1433
Let n(c) = -c**3 - 14*c**2 - 131*c - 62. What are the prime factors of n(-27)?
2, 1619
Suppose 2*g - c - c = 6, g + 2*c = 3. Suppose 9*l = g*l - 426. Let q = l + 170. List the prime factors of q.
3, 11
Suppose 4*h + 5*b + 277 = 0, -5*h - 5*b = -4*h + 88. Let m = -37 - h. Suppose 72 - m = u. List the prime factors of u.
2, 23
Suppose 2*s = -s + 2*s. Suppose s = 2*j + 15*k - 13*k - 666, j - k - 327 = 0. What are the prime factors of j?
2, 3, 5, 11
Let t(u) = -520*u - 1207. What are the prime factors of t(-73)?
3, 12251
Let m = 231 + -26. Suppose -31*o = -30*o - m. Suppose -5*j + a = -344, -5*j + 2*a + o = -143. What are the prime factors of j?
2, 17
Let w be 855 - (6/(-33) - 35/(-11)). Suppose 2*q - 864 = -5*c, -5*c = -0*c - 4*q - w. Suppose 0 = 54*i - 50*i - c. What are the prime factors of i?
43
Let r = 5787 + -1692. List the prime factors of r.
3, 5, 7, 13
Let j(y) = 2*y - 16. Let n be j(-3). Let g be (-2 - n/7)*14/4. Suppose g*h - 3*a = 159 + 16, 0 = -h + 4*a + 34. What are the prime factors of h?
2, 23
What are the prime factors of (12/(-10))/(11/342320*-31126 + 1)?
2, 389
Suppose -97*u = -95*u - 6. Suppose -127 = -0*c - u*c + 2*t, 128 = 3*c - t. Suppose -47*j = -c*j - 456. What are the prime factors of j?
2, 3, 19
Suppose -15*v - 42935 + 245191 = -664. What are the prime factors of v?
2, 19, 89
Let i be ((-60)/21)/(18/(-63)). Suppose i*h + 2*h = 60. Suppose 3*j = 2*j - q + 206, j + h*q - 214 = 0. List the prime factors of j.
2, 3, 17
Suppose -214 = -26*d + 176. Suppose -2*s + 5096 = -0*s. Suppose i - d*i = -s. What are the prime factors of i?
2, 7, 13
Let d(n) = 2*n**3 - n**2 - 2*n - 3. Let p be d(2). Let q(o) be the third derivative of 19*o**4/24 + 3*o**3 + 7*o**2. What are the prime factors of q(p)?
113
Let r(v) = -v**2 - 14*v + 36. Let f be r(-15). Suppose f*s - 6180 = 6*s. List the prime factors of s.
2, 103
Suppose -4*m - 40 = -4*v, 5*m - 6 = -2*v - 7. Suppose 2*u - 1168 = 5*n - v*n, 3*u - 1746 = -5*n. List the prime factors of u.
587
Let l = -38871 + 79472. List the prime factors of l.
11, 3691
Let i(l) = l**3 - 17*l**2 - 16*l + 27. Suppose 0 = -4*g - 130 + 202. What are the prime factors of i(g)?
3, 7
Let c = -184 + 187. List the prime factors of c/((30/(-6))/(-895)).
3, 179
Let w(g) = g**3 + 37*g**2 + 44*g + 10. List the prime factors of w(-32).
2, 1861
Suppose f - 260 = j, 4*f - 788 = 3*j - f. Let v = j - -550. List the prime factors of v.
2, 3, 7
Let z(v) = 2*v + 30. Let x be z(11). Let y be 3 + -2 - 0 - -9. Let k = x - y. List the prime factors of k.
2, 3, 7
Suppose 11*n - k - 8977 = 7*n, 0 = -2*n - 5*k + 4505. Let r = -1338 + n. What are the prime factors of r?
907
Suppose 0 = -0*f - 5*f - 1154010. What are the prime factors of (-1)/3 + -1 - f/234?
5, 197
Let k be ((-60)/(-24))/((-5)/(-4)). Let f be 114*(-9)/(-2) - k. Suppose f = 16*c - 177. What are the prime factors of c?
43
Let p = 9 + -5. Suppose 34 = l - h - p*h, 5*l + h = 40. Suppose -u + l = -42. List the prime factors of u.
3, 17
Suppose -3*b - 5*l + 96 = -b, 2*b - 2*l - 68 = 0. Let h be ((-1080)/162)/(-1 + 17/15). List the prime factors of -5*5/h*b.
19
Let s = -201 - -184. Let p(l) = l - 7. Let g(v) = v - 13. Let y(k) = 2*g(k) - 5*p(k). List the prime factors of y(s).
2, 3, 5
Let i(n) = 9*n - 86. Let x be i(10). Suppose x*d - 371 + 47 = 0. List the prime factors of d.
3
List the prime factors of (-3 - (0 - -2)) + -3 - (-12411 - 5).
2, 3, 11, 47
Let x(m) be the first derivative of 17*m**2/2 + 5*m - 732. Suppose 0 = 2*w - 5*w + 9. What are the prime factors of x(w)?
2, 7
Suppose 0 = t - 3*c - 31789, t + 5*c + 11794 - 43631 = 0. List the prime factors of t.
17, 1871
Suppose -43 = 7*b - 6*b. Let s = b + 47. Suppose s*n + 32 = 12*n. What are the prime factors of n?
2
Let a = 118843 - 69640. List the prime factors of a.
3, 7, 11, 71
Let m(j) = -j**2 - 27*j - 45. Suppose 0 = 2*l - 2*v + 36, -3*v + 4 = -5*v. List the prime factors of m(l).
5, 19
Suppose 4*x = -2*l + 60, 6*x + 210 = 5*l + 4*x. Suppose -1645 = -45*b + l*b. List the prime factors of b.
7, 47
Let t(v) = 3*v + 434. Let r(s) = 5*s + 867. Let q(a) = -4*r(a) + 7*t(a). Let w be q(0). Let o = -304 - w. What are the prime factors of o?
2, 3, 7
Suppose 659521 = 173*s - 2333898. List the prime factors of s.
11, 13
Let p(w) = 18*w - 33. Let m be p(2). Let z be 268 - (0 - (-4 - -3)). Suppose z = -m*b + 5*b - 5*h, 0 = -5*b + 4*h + 642. List the prime factors of b.
2, 3, 7
Suppose -5*j = 2*p - p - 72, -3*p - 9 = 0. Let f be j/((3 + -5)/(-2)). Suppose 0 = f*v - 3741 + 1446. What are the prime factors of v?
3, 17
Let o be (((-6)/18)/(-1))/(2/36). Suppose -5*y = 2*p - 2593, 6*p + 3*y - 6473 = p. Suppose -o*r + p = 292. List the prime factors of r.
167
What are the prime factors of 4/(1 + 7)*3880?
2, 5, 97
Suppose -3*c + 2446 = 4*t - 5*c, -1832 = -3*t + 2*c. What are the prime factors of -26 + t + -2*1?
2, 293
Let z = -62 + 625. Suppose 2*s - 5*u + 4*u - z = 0, -5*u + 276 = s. What are the prime factors of s?
281
Suppose 986 = 3*a + 3*t - 4363, -4*a + 2*t = -7150. List the prime factors of a.
2, 19, 47
Let j(d) = -3*d**3 + 39*d**2 - 42*d + 29. Let p(r) = 5*r**3 - 59*r**2 + 62*r - 44. Let u(z) = -8*j(z) - 5*p(z). List the prime factors of u(-19).
2, 3
Suppose 15*p = 4*p + 352. Let o = -30 + p. Suppose -o*l - 4*l = -774. List the prime factors of l.
3, 43
Let w(g) = -g**3 - 17*g**2 - 8*g - 11. Let h(x) = 3*x**2 + 23*x - 3. Let v be h(-7). What are the prime factors of w(v)?
5
Let r be ((-91298)/(-10) - 0) + (-4)/(-20). Suppose -222*s + 232*s = r. List the prime factors of s.
11, 83
Let x(a) = a**3 - 32*a**2 - 51*a + 98. What are the prime factors of x(36)?
2, 1723
Let n be (1/(-3))/(5/(-12165)) - -3. Let w = n - 564. What are the prime factors of w?
2, 5
Let k = -249 + 1616. List the prime factors of k.
1367
Suppose -5*l - 5*a = -31905, -16*l + 25527 = -12*l + 3*a. List the prime factors of l.
2, 3, 7, 19
Let d(j) = 14*j - 16. Let z be d(7). Let h(p) = -7 + z*p - 12 - 95*p - p**2. List the prime factors of h(-8).
3, 7
Suppose 4*w + 4*y + 8 = 0, -5*w + 11 = -2*y - 7. Suppose -w*j - 112 = -16*j. List the prime factors of (-79)/2*3*j/(-6).
2, 79
Let x be 2495/10 + 1/2. Let k be (9 - 11)/((-26)/(-8) - 3). What are the prime factors of x/8 - ((-10)/k - 1)?
31
Let d = 14387 - 8318. List the prime factors of d.
3, 7, 17
Suppose 20 = -9*x + 14*x. Suppose 0 = 5*s - x*s + 41. Let v = 77 + s. What are the prime factors of v?
2, 3
Let s(o) = 2344*o - 1503. List the prime factors of s(5).
17, 601
Suppose -1732*v = -1688*v - 876568. What are the prime factors of v?
2, 7, 1423
List the prime factors of 204/(-68)*14*8314/(-12).
7, 4157
Suppose -178344 = -107*n + 35*n. What are the prime factors of n?
2477
Let c = -1838 + 7449. What are the prime factors of c?
31, 181
Suppose 4*i - 25 = 4*s + 31, 2*s + 42 = -5*i. Let u be (8/s)/(1/126). Let n = 121 + u. List the prime factors of n.
2, 29
Suppose 45051 = 3*b - 21*v + 18*v, -v = 2. What are the prime factors of b?
3, 5, 7, 11, 13
Let o = 46545 - 14188. What are the prime factors of o?
13, 19, 131
Let h(k) = 4*k**2 - 62*k - 71. What are the prime factors of h(80)?
67, 307
Let g = -18121 + 28258. What are the prime factors of g?
3, 31, 109
Suppose 66856 + 16514 = -5*b + 8*b. What are the prime factors of b?
2, 5, 7, 397
Let f be (-1)/(3*4/(-12)). Let b be 195/45*(2 + f). Let p = -5 + b. What are the prime factors of p?
2
Let m(y) be the third derivative of y**5/30 + 5*y**4/8 + 5*y**3 + 12*y**2. Let p be m(-10). Suppose 2*q - p = 156. What are the prime factors of q?
2, 59
Let h = -798 - -